-202
In base 9, what is -14501 - 0?
-14501
In base 15, what is -e + -13?
-22
In base 9, what is -884 - 18?
-1013
In base 14, what is -4 + 10?
a
In base 7, what is -6 - 1?
-10
In base 12, what is -299 + 2?
-297
In base 8, what is 12 - -47?
61
In base 9, what is 1201 - -3?
1204
In base 7, what is 122 - -13?
135
In base 13, what is 1195 + -4?
1191
In base 9, what is -6 - 17?
-24
In base 6, what is -52354 + 2?
-52352
In base 5, what is -1 - -10041?
10040
In base 8, what is -71 - 13?
-104
In base 2, what is 10111 - 110111?
-100000
In base 12, what is a + 1ba?
208
In base 9, what is 172 - 32?
140
In base 11, what is -55 + 8?
-48
In base 5, what is -441 + 43?
-343
In base 4, what is 111100 + -3?
111031
In base 3, what is 1 + -12?
-11
In base 11, what is -7 - -515?
509
In base 9, what is -43 + -165?
-218
In base 13, what is -c - 23?
-32
In base 13, what is 1 - -29?
2a
In base 8, what is -2 - 1?
-3
In base 8, what is -2 - -356?
354
In base 8, what is -23 + -4?
-27
In base 7, what is -3 + 16?
13
In base 9, what is 8168 + -1?
8167
In base 13, what is 4 - 36b7?
-36b3
In base 16, what is 3 - d4?
-d1
In base 5, what is -142224 - -2?
-142222
In base 12, what is -48 + 11?
-37
In base 9, what is 4 + 2110?
2114
In base 4, what is -111300 + 102?
-111132
In base 9, what is 3 + 430?
433
In base 3, what is -10 + -120122?
-120202
In base 12, what is -aa3 + a?
-a95
In base 5, what is 211 + -20?
141
In base 5, what is 1 - -143?
144
In base 16, what is e4f - 2?
e4d
In base 3, what is 2100121 - 1?
2100120
In base 6, what is -2 - 344?
-350
In base 2, what is 1010110 + -1?
1010101
In base 3, what is -20220 + -11?
-21001
In base 4, what is -1023 + -12?
-1101
In base 8, what is 416 + -5?
411
In base 16, what is 34 - 3d?
-9
In base 11, what is -2 - 1005?
-1007
In base 14, what is 2 - 1d90?
-1d8c
In base 2, what is 1001010001010 + -101?
1001010000101
In base 6, what is -3 + 23?
20
In base 2, what is 11010 - 101?
10101
In base 12, what is 1953 - -2?
1955
In base 15, what is 5 - 9e2?
-9dc
In base 12, what is 2769 + -3?
2766
In base 8, what is 65 - 16?
47
In base 7, what is -2021 + -45?
-2066
In base 2, what is 10 + 11100?
11110
In base 5, what is -3202 + 0?
-3202
In base 15, what is -12a + -3?
-12d
In base 14, what is -3c1 + 2?
-3bd
In base 6, what is -43100 + -3?
-43103
In base 6, what is 21 - 1544?
-1523
In base 16, what is 8 - -4?
c
In base 3, what is 221022 - -200?
221222
In base 11, what is -5 - -38?
33
In base 13, what is 2a - b?
1c
In base 4, what is 1 - 302033?
-302032
In base 3, what is -1111220 - 11?
-1112001
In base 6, what is 0 + -411?
-411
In base 13, what is 4 - 9?
-5
In base 7, what is -36 + -60?
-126
In base 7, what is 124 - -10?
134
In base 2, what is 11100011010 - 101?
11100010101
In base 8, what is 1 + 62?
63
In base 5, what is 3120 - 4?
3111
In base 2, what is 101 + 101010101100?
101010110001
In base 13, what is -4 + 1?
-3
In base 12, what is 4b - -b3?
142
In base 15, what is 1 + -476?
-475
In base 12, what is 5 - -117?
120
In base 16, what is -1a3 + -2?
-1a5
In base 12, what is -2 + 90?
8a
In base 5, what is -13 + 4212?
4144
In base 3, what is -102001 + -1?
-102002
In base 14, what is -6 + -3?
-9
In base 15, what is e + -13c?
-12d
In base 11, what is -1537 - 1?
-1538
In base 3, what is -1210202 - 11?
-1210220
In base 12, what is 2 + 47b?
481
In base 14, what is 0 + -34?
-34
In base 8, what is 146 - -1?
147
In base 2, what is -101010000 + 11?
-101001101
In base 12, what is 2 - 939?
-937
In base 13, what is -505a - 3?
-5060
In base 16, what is -5 - 778?
-77d
In base 14, what is -1 - 2a?
-2b
In base 14, what is -1a17 - 2?
-1a19
In base 16, what is 551 - 5?
54c
In base 2, what is -10110101110 + -1?
-10110101111
In base 15, what is 9b - 1?
9a
In base 3, what is 21 + -2101?
-2010
In base 2, what is -1011011 - -11?
-1011000
In base 5, what is 24 + 42133?
42212
In base 2, what is 100011 + 1111?
110010
In base 12, what is 0 - -90?
90
In base 13, what is 12 - -14?
26
In base 5, what is 11 - -424?
440
In base 8, what is -1 + 146?
145
In base 5, what is 20302 + 1?
20303
In base 8, what is 232 + -3?
227
In base 3, what is 0 + 11221?
11221
In base 12, what is -14 + -8?
-20
In base 8, what is -5 + 145?
140
In base 16, what is -1 + 2b?
2a
In base 8, what is 121 - -14?
135
In base 12, what is -5 + -12?
-17
In base 7, what is 15 + -24?
-6
In base 12, what is -5 + 1943?
193a
In base 3, what is 1020 - -2?
1022
In base 9, what is 11 + 31?
42
In base 2, what is -10 + -1010101000?
-1010101010
In base 6, what is 405501 + -5?
405452
In base 9, what is -312 + 1?
-311
In base 8, what is 24 - 55?
-31
In base 3, what is 2222210 - 11?
2222122
In base 6, what is -12 - -5?
-3
In base 10, what is -6 - 7?
-13
In base 9, what is -1 - -6?
5
In base 6, what is -42 + 133?
51
In base 6, what is -34522 - -1?
-34521
In base 6, what is -142 - 0?
-142
In base 14, what is 1b9 - 28?
191
In base 6, what is -254 - -2?
-252
In base 7, what is -16 - 14?
-33
In base 16, what is -2 + 398?
396
In base 2, what is -101 + 11100?
10111
In base 3, what is -2121 - -2?
-2112
In base 2, what is 10 + 100000001011?
100000001101
In base 16, what is 183 + 4?
187
In base 4, what is 0 - -1133?
1133
In base 10, what is -1 + 36?
35
In base 6, what is 1 + -31?
-30
In base 11, what is -20a - 8?
-217
In base 10, what is -5 - 54?
-59
In base 9, what is 1 - -225?
226
In base 15, what is 1 + -5e6?
-5e5
In base 9, what is -3 + 0?
-3
In base 16, what is -3 + -e3?
-e6
In base 6, what is -31 + 20?
-11
In base 5, what is 20 - -40?
110
In base 9, what is -35 + -61?
-106
In base 15, what is 16 + -b?
a
In base 12, what is -16 - 39?
-53
In base 13, what is 2b00 + 2?
2b02
In base 10, what is 5 + 787?
792
In base 15, what is -25 - -2?
-23
In base 10, what is -345 + 2?
-343
In base 6, what is 0 + 1243?
1243
In base 2, what is 1 + -10010110?
-10010101
In base 4, what is 132111 - 32?
132013
In base 9, what is 256 - 18?
237
In base 6, what is 351 + -42?
305
In base 6, what is -3 - 2?
-5
In base 6, what is -2351 + 1?
-2350
In base 8, what is 2 + 0?
2
In base 2, what is 11110110 - 0?
11110110
In base 11, what is 98 - 4?
94
In base 8, what is -165 + 114?
-51
In base 10, what is -1 - -169?
168
In base 5, what is 1 - -2200?
2201
In base 2, what is -10001111111 + -101?
-10010000100
In base 12, what is -4435 - -2?
-4433
In base 5, what is 3 - -10322?
10330
In base 11, what is 5 + 152?
157
In base 16, what is -2c + 18?
-14
In base 9, what is -14 + 1220?
1205
In base 6, what is 303 - 121?
142
In base 7, what is 0 - 3045?
-3045
In base 16, what is -2 - b7?
-b9
In base 4, what is 212 - 3?
203
In base 10, what is -2325 + 4?
-2321
In base 16, what is -7 - -38?
31
In base 5, what is -4 + -103?
-112
In base 14, what is 593 - -6?
599
In base 6, what is -2 + 125?
123
In base 15, what is -59c - -4?
-598
In base 11, what is 11 - -10?
21
In base 14, what is -13b - 3?
-140
In base 16, what is -c + -11?
-1d
In base 8, what is 202 - 1?
201
In base 5, what is -11 + -2?
-13
In base 2, what is 100000 - 100011?
-11
In base 6, what is -15130 - 1?
-15131
In base 13, what is c44 + 5?
c49
In base 9, what is -3 + 8214?
8211
In base 7, what is -5 - -4?
-1
In base 4, what is 212 + -220?
-2
In base 10, what is 20 - -131?
151
In base 13, what is 17 + 0?
17
In base 13, what is 1 - 384?
-383
In base 14, what is 1a0 - -4?
1a4
In base 10, what is 1 - -130?
131
In base 8, what is -2 - 12271?
-12273
In base 5, what is 4024 + -2?
4022
In base 10, what is -1612 + 1?
-1611
In base 7, what is -5 + 200?
162
In base 6, what is 34 + -40?
-2
In base 13, what is -23 - 4?
-27
In base 9, what is 548 - 10?
538
In base 2, what is 1110011100 + 11?
1110011111
In base 9, what is -8 + -566?
-575
In base 7, what is -55 - 55?
-143
In base 14, what is -5 + -135?
-13a
In base 10, what is 571 - -6?
577
In base 9, what is 680 + 5?
685
In base 14, what is -11 + 16a?
159
In base 16, what is 7f1 + 1?
7f2
In base 6, what is 4 + -100?
-52
In base 2, what is -101 - -100001?
11100
In base 16, what is 6 + -a6?
-a0
In base 16, what is -5 - 479?
-47e
In base 4, what is -2010203 + 1?
-2010202
In base 8, what is -11 + -172?
-203
In base 14, what is -2 - 13a?
-13c
In base 9, what is 2280 + 6?
2286
In base 12, what is 2 + -1b8?
-1b6
In base 8, what is 7 - 402?
-373
In base 10, what is 73 + -2?
71
In base 8, what is -